
132
What is the greatest common factor of 45 and 1914?
3
Calculate the greatest common divisor of 54023 and 178.
89
Calculate the greatest common factor of 10057 and 11865.
113
Calculate the greatest common divisor of 1042582 and 5470.
1094
What is the highest common divisor of 548 and 32?
4
Calculate the highest common factor of 46063 and 171001.
631
Calculate the highest common factor of 1 and 557881.
1
Calculate the greatest common divisor of 832 and 153664.
64
What is the greatest common divisor of 9 and 129141?
9
Calculate the greatest common divisor of 222 and 8140.
74
What is the greatest common factor of 241 and 83627?
241
Calculate the highest common factor of 596325 and 75.
75
What is the highest common factor of 14237 and 299?
23
What is the greatest common factor of 4396 and 1085?
7
Calculate the greatest common divisor of 15106 and 2656.
166
Calculate the highest common divisor of 474 and 2010234.
474
Calculate the greatest common divisor of 792 and 2000.
8
Calculate the greatest common divisor of 16335 and 330.
165
What is the greatest common factor of 2574 and 34606?
286
Calculate the greatest common divisor of 19317 and 137.
137
Calculate the highest common divisor of 79437 and 3.
3
What is the highest common factor of 20503 and 909?
101
Calculate the highest common factor of 111051 and 457.
457
What is the highest common divisor of 184368 and 8832?
1104
What is the highest common divisor of 887196 and 34?
34
What is the greatest common factor of 14730 and 34861?
491
What is the greatest common factor of 1480 and 1448920?
1480
Calculate the highest common divisor of 1512 and 16.
8
What is the highest common factor of 341 and 51398?
31
What is the highest common factor of 200 and 2240?
40
What is the greatest common divisor of 185 and 295?
5
Calculate the highest common factor of 8976 and 380358.
1122
Calculate the highest common divisor of 5220 and 3060.
180
Calculate the highest common factor of 40525 and 15.
5
Calculate the greatest common factor of 13168 and 178591.
823
What is the highest common factor of 37 and 41329?
37
What is the greatest common divisor of 3103 and 13375?
107
What is the highest common factor of 50976 and 1188?
108
Calculate the greatest common divisor of 2430 and 891486.
162
What is the highest common factor of 33 and 2205?
3
What is the greatest common factor of 38657 and 1271?
31
Calculate the greatest common divisor of 6695 and 71585.
515
Calculate the greatest common factor of 1695 and 3578145.
1695
What is the highest common divisor of 8 and 4135064?
8
What is the highest common factor of 597632 and 56?
56
Calculate the greatest common divisor of 10919805 and 65.
65
Calculate the highest common factor of 1277560 and 304.
152
Calculate the greatest common divisor of 3476 and 68256.
316
What is the highest common factor of 231 and 11886?
21
What is the highest common factor of 6292746 and 1314?
1314
What is the highest common divisor of 2506 and 112?
14
What is the greatest common divisor of 7598 and 97726?
262
What is the highest common divisor of 2847 and 1443?
39
What is the greatest common divisor of 403 and 3596?
31
Calculate the greatest common factor of 3053452 and 76.
76
What is the greatest common factor of 9597 and 7?
7
What is the greatest common factor of 375859 and 517?
517
Calculate the greatest common divisor of 924532 and 18690.
1246
Calculate the greatest common divisor of 22220 and 990.
110
Calculate the highest common factor of 90 and 56502.
18
What is the highest common factor of 6 and 100689?
3
Calculate the highest common factor of 101 and 445309.
101
What is the highest common divisor of 452 and 1460?
4
What is the greatest common factor of 4075 and 3675?
25
What is the greatest common factor of 7191 and 49914?
423
What is the highest common factor of 2338 and 9072?
14
Calculate the highest common divisor of 4 and 4702.
2
What is the highest common divisor of 375848 and 1144?
88
Calculate the greatest common divisor of 28 and 262948.
28
What is the highest common factor of 2112 and 1804?
44
Calculate the greatest common divisor of 579 and 1910121.
579
Calculate the greatest common divisor of 60 and 35265.
15
What is the greatest common divisor of 98 and 32438?
98
Calculate the greatest common factor of 9 and 682965.
9
Calculate the highest common factor of 206998 and 66.
22
Calculate the greatest common divisor of 48919 and 26.
13
Calculate the greatest common factor of 160719 and 52.
13
What is the highest common factor of 204 and 1467831?
51
What is the highest common factor of 919518 and 6?
6
What is the highest common factor of 174 and 65859?
87
Calculate the highest common divisor of 144564 and 84.
84
Calculate the highest common factor of 5328 and 162.
18
Calculate the greatest common factor of 15512 and 5796.
28
Calculate the highest common factor of 1290915 and 90.
45
Calculate the highest common factor of 462189 and 1092.
273
What is the highest common factor of 966226 and 33934?
1786
What is the greatest common divisor of 9640 and 320?
40
Calculate the greatest common factor of 711 and 632.
79
Calculate the highest common divisor of 773718 and 57.
57
Calculate the greatest common factor of 215046 and 2.
2
What is the highest common divisor of 302549 and 1768?
221
What is the highest common factor of 95484 and 14016?
876
Calculate the highest common divisor of 7092 and 2520.
36
What is the greatest common divisor of 6 and 14752?
2
Calculate the greatest common divisor of 437 and 12293.
19
What is the greatest common factor of 76 and 16323508?
76
What is the highest common divisor of 11604 and 1884?
12
What is the highest common divisor of 2651 and 181473?
241
Calculate the greatest common factor of 47742 and 4307.
73
What is the greatest common factor of 3444 and 4242?
42
What is the highest common divisor of 18 and 10448?
2
What is the greatest common divisor of 80 and 4955?
5
Calculate the greatest common divisor of 3243 and 537774.
141
What is the highest common factor of 2865 and 84040?
955
What is the greatest common divisor of 45687 and 388?
97
What is the greatest common factor of 64 and 97888?
32
What is the highest common divisor of 50 and 41190?
10
Calculate the highest common divisor of 174986 and 116.
58
Calculate the highest common divisor of 150580 and 230.
10
Calculate the highest common divisor of 6280 and 392.
8
What is the greatest common divisor of 260180 and 20?
20
Calculate the highest common factor of 640 and 41040.
80
What is the greatest common factor of 52 and 60541?
13
Calculate the highest common divisor of 108240 and 70620.
660
What is the greatest common factor of 8463 and 7371?
273
Calculate the greatest common factor of 12341 and 545587.
287
Calculate the greatest common factor of 6318 and 97110.
234
Calculate the highest common factor of 20259 and 171.
9
What is the highest common divisor of 632728 and 7784?
1112
Calculate the highest common factor of 28 and 1152508.
28
What is the highest common divisor of 13090 and 1386?
154
What is the highest common factor of 23640 and 1470?
30
What is the highest common divisor of 483 and 62923?
7
What is the highest common factor of 264 and 61512?
264
Calculate the highest common factor of 18463 and 1.
1
What is the highest common divisor of 106000 and 20?
20
What is the highest common factor of 1161 and 1053?
27
Calculate the greatest common factor of 418 and 34078.
22
Calculate the highest common factor of 120 and 544620.
60
Calculate the greatest common factor of 15 and 7520.
5
What is the greatest common divisor of 138006 and 5508?
306
Calculate the greatest common factor of 541329 and 114.
57
What is the highest common divisor of 424370 and 10?
10
Calculate the greatest common factor of 2923 and 1702.
37
What is the greatest common divisor of 81 and 48519?
81
Calculate the highest common factor of 932041 and 77.
11
What is the greatest common divisor of 5828 and 1692?
188
What is the highest common factor of 216750 and 3570?
510
What is the highest common divisor of 14258076 and 2524?
2524
What is the greatest common divisor of 38070 and 564?
282
Calculate the highest common factor of 328 and 60424.
8
What is the highest common divisor of 416464 and 64?
16
What is the greatest common fa